{"id":2,"date":"2021-02-15T14:17:30","date_gmt":"2021-02-15T13:17:30","guid":{"rendered":"http:\/\/spa-boucledor.fr\/?page_id=2"},"modified":"2021-02-15T16:31:28","modified_gmt":"2021-02-15T15:31:28","slug":"page-d-exemple","status":"publish","type":"page","link":"https:\/\/spa-boucledor.fr\/index.php\/page-d-exemple\/","title":{"rendered":"Espace d\u00e9tente"},"content":{"rendered":"\t\t<div data-elementor-type=\"wp-page\" data-elementor-id=\"2\" class=\"elementor elementor-2\" data-elementor-settings=\"[]\">\n\t\t\t\t\t\t\t<div class=\"elementor-section-wrap\">\n\t\t\t\t\t\t\t<section class=\"elementor-section elementor-top-section elementor-element elementor-element-42ddc214 elementor-section-boxed elementor-section-height-default elementor-section-height-default\" data-id=\"42ddc214\" data-element_type=\"section\">\n\t\t\t\t\t\t<div class=\"elementor-container elementor-column-gap-default\">\n\t\t\t\t\t<div class=\"elementor-column elementor-col-100 elementor-top-column elementor-element elementor-element-515e2137\" data-id=\"515e2137\" data-element_type=\"column\">\n\t\t\t<div class=\"elementor-widget-wrap elementor-element-populated\">\n\t\t\t\t\t\t\t\t<div class=\"elementor-element elementor-element-575f1cc elementor-widget elementor-widget-text-editor\" data-id=\"575f1cc\" data-element_type=\"widget\" data-widget_type=\"text-editor.default\">\n\t\t\t\t<div class=\"elementor-widget-container\">\n\t\t\t\t\t<div class=\"elementor-text-editor elementor-clearfix\"><p>Un espace privil\u00e9gi\u00e9 de d\u00e9tente et de relaxation au c\u0153ur de la cit\u00e9 m\u00e9di\u00e9vale d&rsquo;Aigues-Mortes en Camargue.&nbsp;<\/p>\n<p>L&rsquo;espace-d\u00e9tente Boucle d&rsquo;Or vous accueille dans une ambiance chaleureuse et confortable, propice \u00e0 la s\u00e9r\u00e9nit\u00e9.<\/p>\n<p>Massages, spa, hammam, soins minceur, anti-\u00e2ge&#8230;Vous trouverez ici une large palette de modelages et de soins, authentiques et de qualit\u00e9.<\/p>\n<p>Accordez-vous un moment de pure d\u00e9tente et de plaisir, pour vous ressourcer le temps d&rsquo;une pause ou lors d&rsquo;un s\u00e9jour bien-\u00eatre&nbsp;<span style=\"font-size: 16px;\">sur place.<\/span><\/p><\/div>\n\t\t\t\t<\/div>\n\t\t\t\t<\/div>\n\t\t\t\t\t<\/div>\n\t\t<\/div>\n\t\t\t\t\t\t\t<\/div>\n\t\t<\/section>\n\t\t\t\t\t\t<\/div>\n\t\t\t\t\t<\/div>\n\t\t","protected":false},"excerpt":{"rendered":"<p>Un espace privil\u00e9gi\u00e9 de d\u00e9tente et de relaxation au c\u0153ur de la cit\u00e9 m\u00e9di\u00e9vale d&rsquo;Aigues-Mortes en Camargue.&nbsp; L&rsquo;espace-d\u00e9tente Boucle d&rsquo;Or vous accueille dans une ambiance chaleureuse et confortable, propice \u00e0 la s\u00e9r\u00e9nit\u00e9. Massages, spa, hammam, soins minceur, anti-\u00e2ge&#8230;Vous trouverez ici une large palette de modelages et de soins, authentiques et de qualit\u00e9. Accordez-vous un moment&#8230;<\/p>\n","protected":false},"author":1,"featured_media":0,"parent":0,"menu_order":0,"comment_status":"closed","ping_status":"closed","template":"","meta":{"spay_email":""},"_links":{"self":[{"href":"https:\/\/spa-boucledor.fr\/index.php\/wp-json\/wp\/v2\/pages\/2"}],"collection":[{"href":"https:\/\/spa-boucledor.fr\/index.php\/wp-json\/wp\/v2\/pages"}],"about":[{"href":"https:\/\/spa-boucledor.fr\/index.php\/wp-json\/wp\/v2\/types\/page"}],"author":[{"embeddable":true,"href":"https:\/\/spa-boucledor.fr\/index.php\/wp-json\/wp\/v2\/users\/1"}],"replies":[{"embeddable":true,"href":"https:\/\/spa-boucledor.fr\/index.php\/wp-json\/wp\/v2\/comments?post=2"}],"version-history":[{"count":28,"href":"https:\/\/spa-boucledor.fr\/index.php\/wp-json\/wp\/v2\/pages\/2\/revisions"}],"predecessor-version":[{"id":985,"href":"https:\/\/spa-boucledor.fr\/index.php\/wp-json\/wp\/v2\/pages\/2\/revisions\/985"}],"wp:attachment":[{"href":"https:\/\/spa-boucledor.fr\/index.php\/wp-json\/wp\/v2\/media?parent=2"}],"curies":[{"name":"wp","href":"https:\/\/api.w.org\/{rel}","templated":true}]}}